{"id":241,"date":"2023-05-15T16:35:14","date_gmt":"2023-05-15T14:35:14","guid":{"rendered":"https:\/\/morph.com.pl\/?post_type=product&#038;p=241"},"modified":"2023-06-06T11:05:43","modified_gmt":"2023-06-06T09:05:43","slug":"kolczyki-fire-4kd","status":"publish","type":"product","link":"https:\/\/morph.com.pl\/?product=kolczyki-fire-4kd","title":{"rendered":"Kolczyki Fire 4KD"},"content":{"rendered":"<p>Du\u017ce i wyraziste kolczyki z k\u00f3\u0142 fakturowanych . Wykonane z mosi\u0105dzu ze sztyftem ze srebra . Do kolczyk\u00f3w dodawane jest eleganckie czarne pude\u0142ko bi\u017cuteryjne co powoduje ze idealnie nadaj\u0105 sie na prezent.<\/p>\n","protected":false},"excerpt":{"rendered":"<p>Du\u017ce i wyraziste kolczyki z k\u00f3\u0142 fakturowanych . Wykonane z mosi\u0105dzu ze sztyftem ze srebra . Do kolczyk\u00f3w dodawane jest eleganckie czarne pude\u0142ko bi\u017cuteryjne co powoduje ze idealnie nadaj\u0105 sie na prezent.<\/p>\n","protected":false},"featured_media":242,"template":"","meta":[],"product_brand":[],"product_cat":[24],"product_tag":[],"class_list":{"0":"post-241","1":"product","2":"type-product","3":"status-publish","4":"has-post-thumbnail","6":"product_cat-kolczyki","8":"first","9":"instock","10":"taxable","11":"shipping-taxable","12":"purchasable","13":"product-type-simple"},"jetpack_sharing_enabled":true,"_links":{"self":[{"href":"https:\/\/morph.com.pl\/index.php?rest_route=\/wp\/v2\/product\/241","targetHints":{"allow":["GET"]}}],"collection":[{"href":"https:\/\/morph.com.pl\/index.php?rest_route=\/wp\/v2\/product"}],"about":[{"href":"https:\/\/morph.com.pl\/index.php?rest_route=\/wp\/v2\/types\/product"}],"wp:featuredmedia":[{"embeddable":true,"href":"https:\/\/morph.com.pl\/index.php?rest_route=\/wp\/v2\/media\/242"}],"wp:attachment":[{"href":"https:\/\/morph.com.pl\/index.php?rest_route=%2Fwp%2Fv2%2Fmedia&parent=241"}],"wp:term":[{"taxonomy":"product_brand","embeddable":true,"href":"https:\/\/morph.com.pl\/index.php?rest_route=%2Fwp%2Fv2%2Fproduct_brand&post=241"},{"taxonomy":"product_cat","embeddable":true,"href":"https:\/\/morph.com.pl\/index.php?rest_route=%2Fwp%2Fv2%2Fproduct_cat&post=241"},{"taxonomy":"product_tag","embeddable":true,"href":"https:\/\/morph.com.pl\/index.php?rest_route=%2Fwp%2Fv2%2Fproduct_tag&post=241"}],"curies":[{"name":"wp","href":"https:\/\/api.w.org\/{rel}","templated":true}]}}