{"id":234,"date":"2023-05-15T16:03:47","date_gmt":"2023-05-15T14:03:47","guid":{"rendered":"https:\/\/morph.com.pl\/?post_type=product&#038;p=234"},"modified":"2023-05-15T16:12:19","modified_gmt":"2023-05-15T14:12:19","slug":"234","status":"publish","type":"product","link":"https:\/\/morph.com.pl\/?product=234","title":{"rendered":"Kolczyki Fire 1KS"},"content":{"rendered":"<p>Ciekawe , nowoczesne kolczyki \u015bredniej wielko\u015bci z fakturowanego mosi\u0105dzu. Faktura k\u00f3\u0142ek pojawiaj\u0105cych sie w kolczykach powstaje pod wp\u0142ywem dzia\u0142ania wysokich temperatur na metal i za ka\u017cdym razem jest inna ,dzi\u0119ki czemu s\u0105 niepowtarzalne.\u00a0 Kolczyki posiadaj\u0105 srebrny sztyft , nie powoduj\u0105 alergii. Do ka\u017cdego zakupionego elementu bi\u017cuterii dodawane jest czarne eleganckie opakowanie co powoduje ze kolczyki mog\u0105 by\u0107 bardzo oryginalnym prezentem.<\/p>\n","protected":false},"excerpt":{"rendered":"<p>Ciekawe , nowoczesne kolczyki \u015bredniej wielko\u015bci z fakturowanego mosi\u0105dzu. Faktura k\u00f3\u0142ek pojawiaj\u0105cych sie w kolczykach powstaje pod wp\u0142ywem dzia\u0142ania wysokich temperatur na metal i za ka\u017cdym razem jest inna ,dzi\u0119ki czemu s\u0105 niepowtarzalne.\u00a0 Kolczyki posiadaj\u0105 srebrny sztyft , nie powoduj\u0105 alergii. Do ka\u017cdego zakupionego elementu bi\u017cuterii dodawane jest czarne eleganckie opakowanie co powoduje ze kolczyki [&hellip;]<\/p>\n","protected":false},"featured_media":237,"template":"","meta":[],"product_brand":[],"product_cat":[24],"product_tag":[],"class_list":{"0":"post-234","1":"product","2":"type-product","3":"status-publish","4":"has-post-thumbnail","6":"product_cat-kolczyki","8":"first","9":"instock","10":"taxable","11":"shipping-taxable","12":"purchasable","13":"product-type-simple"},"jetpack_sharing_enabled":true,"_links":{"self":[{"href":"https:\/\/morph.com.pl\/index.php?rest_route=\/wp\/v2\/product\/234","targetHints":{"allow":["GET"]}}],"collection":[{"href":"https:\/\/morph.com.pl\/index.php?rest_route=\/wp\/v2\/product"}],"about":[{"href":"https:\/\/morph.com.pl\/index.php?rest_route=\/wp\/v2\/types\/product"}],"wp:featuredmedia":[{"embeddable":true,"href":"https:\/\/morph.com.pl\/index.php?rest_route=\/wp\/v2\/media\/237"}],"wp:attachment":[{"href":"https:\/\/morph.com.pl\/index.php?rest_route=%2Fwp%2Fv2%2Fmedia&parent=234"}],"wp:term":[{"taxonomy":"product_brand","embeddable":true,"href":"https:\/\/morph.com.pl\/index.php?rest_route=%2Fwp%2Fv2%2Fproduct_brand&post=234"},{"taxonomy":"product_cat","embeddable":true,"href":"https:\/\/morph.com.pl\/index.php?rest_route=%2Fwp%2Fv2%2Fproduct_cat&post=234"},{"taxonomy":"product_tag","embeddable":true,"href":"https:\/\/morph.com.pl\/index.php?rest_route=%2Fwp%2Fv2%2Fproduct_tag&post=234"}],"curies":[{"name":"wp","href":"https:\/\/api.w.org\/{rel}","templated":true}]}}